{"id":478,"date":"2022-12-22T18:05:00","date_gmt":"2022-12-22T18:05:00","guid":{"rendered":"https:\/\/www.tzbtech.cz\/?page_id=478"},"modified":"2023-02-27T14:21:00","modified_gmt":"2023-02-27T14:21:00","slug":"zasady-ochrany-osobnich-udaju","status":"publish","type":"page","link":"https:\/\/www.tzbtech.cz\/index.php\/zasady-ochrany-osobnich-udaju\/","title":{"rendered":"Nakl\u00e1d\u00e1n\u00ed s osobn\u00edmi \u00fadaji"},"content":{"rendered":"\n<p>TZBtech, s.r.o. (d\u00e1le jen TZBtech) se zavazuje respektovat a ochra\u0148ovat Va\u0161e soukrom\u00ed. Na\u0161e webov\u00e9 str\u00e1nky jsou strukturov\u00e1ny tak, abyste obecn\u011b mohli nav\u0161t\u00edvit spole\u010dnost  TZBtech na webu bez nutnosti prozradit svou toto\u017enost nebo jak\u00e9koliv osobn\u00ed \u00fadaje.<\/p>\n\n\n\n<p>N\u011bkter\u00e9 \u00fadaje, poskytnut\u00e9 p\u0159i vyu\u017e\u00edv\u00e1n\u00ed produkt\u016f a slu\u017eeb spole\u010dnosti TZBtech, mohou m\u00edt povahu osobn\u00edch \u00fadaj\u016f ve smyslu z\u00e1kona \u010d. 101\/2000 Sb., o ochran\u011b osobn\u00edch \u00fadaj\u016f, v platn\u00e9m zn\u011bn\u00ed (d\u00e1le jen &#8222;z\u00e1kon&#8220;). Spole\u010dnost TZBtech se t\u00edmto z\u00e1konem pln\u011b \u0159\u00edd\u00ed a \u010din\u00ed v\u0161e pro to, aby tyto osobn\u00ed \u00fadaje ochr\u00e1nila.<\/p>\n\n\n\n<p>Ve\u0161ker\u00e9 \u00fadaje z\u00edskan\u00e9 od z\u00e1kazn\u00edk\u016f slou\u017e\u00ed v\u00fdhradn\u011b k \u00fa\u010del\u016fm spole\u010dnosti TZBtech. Spole\u010dnost TZBtech tyto \u00fadaje neprod\u00e1v\u00e1, nepronaj\u00edm\u00e1, ani jin\u00fdm zp\u016fsobem nep\u0159ed\u00e1v\u00e1 t\u0159et\u00edm osob\u00e1m. Tento z\u00e1vazek se nevztahuje na \u00fadaje, kter\u00e9 m\u016f\u017ee po\u017eadovat Policie \u010cesk\u00e9 republiky \u010di jin\u00e9 st\u00e1tn\u00ed org\u00e1ny podle platn\u00fdch pr\u00e1vn\u00edch p\u0159edpis\u016f.<\/p>\n\n\n\n<p>Spole\u010dnost TZBtech si vyhrazuje pr\u00e1vo pou\u017e\u00edt \u00fadaje z\u00e1kazn\u00edk\u016f k zas\u00edl\u00e1n\u00ed informac\u00ed d\u016fle\u017eit\u00fdch pro plnohodnotn\u00e9 vyu\u017eit\u00ed produkt\u016f a slu\u017eeb. Ka\u017ed\u00fd z\u00e1kazn\u00edk m\u00e1 pr\u00e1vo zas\u00edl\u00e1n\u00ed t\u011bchto informac\u00ed kdykoliv odm\u00edtnout, a to odpov\u011bd\u00ed na kteroukoliv ze zaslan\u00fdch zpr\u00e1v. V\u0161echny elektronick\u00e9 dopisy, kter\u00e9 obdr\u017e\u00edte od spole\u010dnosti TZBtech, budou obsahovat n\u00e1vod, jak odm\u00edtnout jejich dal\u0161\u00ed zas\u00edl\u00e1n\u00ed.<\/p>\n\n\n\n<p>Krom\u011b \u00fadaj\u016f \u00famysln\u011b sd\u011blen\u00fdch v r\u00e1mci dotazn\u00edkov\u00e9ho formul\u00e1\u0159e TZBtech nezpracov\u00e1v\u00e1 ani nez\u00edsk\u00e1v\u00e1 \u017e\u00e1dn\u00e9 dal\u0161\u00ed informace o z\u00e1kazn\u00edc\u00edch, nap\u0159. v okam\u017eiku n\u00e1v\u0161t\u011bvy www str\u00e1nek, u\u017e\u00edv\u00e1n\u00ed programu apod.<\/p>\n\n\n\n<p>Odkazy na webov\u00e9 servery t\u0159et\u00edch stran uv\u00e1d\u00edme na tomto webov\u00e9m serveru pouze pro va\u0161e pohodl\u00ed. Jestli\u017ee tyto odkazy vyu\u017eijete, opust\u00edte webov\u00e9 str\u00e1nky spole\u010dnosti TZBtech. Spole\u010dnost TZBtech nep\u0159ezkoum\u00e1vala v\u0161echny tyto webov\u00e9 str\u00e1nky t\u0159et\u00edch stran a nem\u00e1 vliv a nenese zodpov\u011bdnost za \u017e\u00e1dnou z t\u011bchto webov\u00fdch str\u00e1nek, jejich obsah, ani za politiku ochrany soukrom\u00ed, kter\u00e1 je na nich uplat\u0148ov\u00e1na. Tyto servery tedy nepodl\u00e9haj\u00ed schv\u00e1len\u00ed spole\u010dnosti TZBtech. Spole\u010dnost TZBtech neprohla\u0161uje nic ohledn\u011b t\u011bchto server\u016f nebo ohledn\u011b jak\u00fdchkoli informac\u00ed, softwaru \u010di jin\u00fdch produkt\u016f nebo materi\u00e1l\u016f, kter\u00e9 se na nich nal\u00e9zaj\u00ed, ani ohledn\u011b v\u00fdsledk\u016f, kter\u00fdch lze doc\u00edlit jejich pou\u017e\u00edv\u00e1n\u00edm. Jestli\u017ee se rozhodnete nav\u0161t\u00edvit kter\u00fdkoliv z webov\u00fdch server\u016f t\u0159et\u00edch stran, na kter\u00e9 tento server odkazuje, \u010din\u00edte tak v\u00fdhradn\u011b na vlastn\u00ed nebezpe\u010d\u00ed.<\/p>\n\n\n\n<p>M\u00e1te-li p\u0159ipom\u00ednky nebo ot\u00e1zky t\u00fdkaj\u00edc\u00ed se na\u0161\u00ed politiky v oblasti ochrany soukrom\u00ed, kontaktujte n\u00e1s na\u00a0<a href=\"&#x6d;&#97;i&#x6c;&#116;o&#x3a;&#105;n&#x66;&#x6f;&#64;&#x74;&#x7a;&#98;t&#x65;&#99;h&#x2e;&#99;z\">&#x69;&#x6e;&#x66;&#x6f;&#64;&#116;zbt&#x65;&#x63;&#x68;&#x2e;&#99;&#122;<\/a>.<\/p>\n","protected":false},"excerpt":{"rendered":"<p>TZBtech, s.r.o. (d\u00e1le jen TZBtech) se zavazuje respektovat a ochra\u0148ovat Va\u0161e soukrom\u00ed. Na\u0161e webov\u00e9 str\u00e1nky jsou strukturov\u00e1ny tak, abyste obecn\u011b [&hellip;]<\/p>\n","protected":false},"author":1,"featured_media":0,"parent":0,"menu_order":0,"comment_status":"closed","ping_status":"closed","template":"page-templates\/pagebuilder.php","meta":{"_themeisle_gutenberg_block_has_review":false,"footnotes":""},"class_list":["post-478","page","type-page","status-publish","hentry"],"_links":{"self":[{"href":"https:\/\/www.tzbtech.cz\/index.php\/wp-json\/wp\/v2\/pages\/478","targetHints":{"allow":["GET"]}}],"collection":[{"href":"https:\/\/www.tzbtech.cz\/index.php\/wp-json\/wp\/v2\/pages"}],"about":[{"href":"https:\/\/www.tzbtech.cz\/index.php\/wp-json\/wp\/v2\/types\/page"}],"author":[{"embeddable":true,"href":"https:\/\/www.tzbtech.cz\/index.php\/wp-json\/wp\/v2\/users\/1"}],"replies":[{"embeddable":true,"href":"https:\/\/www.tzbtech.cz\/index.php\/wp-json\/wp\/v2\/comments?post=478"}],"version-history":[{"count":4,"href":"https:\/\/www.tzbtech.cz\/index.php\/wp-json\/wp\/v2\/pages\/478\/revisions"}],"predecessor-version":[{"id":1933,"href":"https:\/\/www.tzbtech.cz\/index.php\/wp-json\/wp\/v2\/pages\/478\/revisions\/1933"}],"wp:attachment":[{"href":"https:\/\/www.tzbtech.cz\/index.php\/wp-json\/wp\/v2\/media?parent=478"}],"curies":[{"name":"wp","href":"https:\/\/api.w.org\/{rel}","templated":true}]}}